{"id":257360,"date":"2024-05-04T12:19:04","date_gmt":"2024-05-04T17:19:04","guid":{"rendered":"https:\/\/bertapolo.com\/?page_id=257360"},"modified":"2024-07-27T10:57:09","modified_gmt":"2024-07-27T15:57:09","slug":"parque-de-arte","status":"publish","type":"page","link":"https:\/\/bertapolo.com\/?page_id=257360","title":{"rendered":"Parque de Arte"},"content":{"rendered":"<p>[et_pb_section fb_built=\u00bb1&#8243; specialty=\u00bbon\u00bb custom_padding_last_edited=\u00bboff|tablet\u00bb admin_label=\u00bbHeader\u00bb _builder_version=\u00bb4.16&#8243; use_background_color_gradient=\u00bbon\u00bb background_color_gradient_direction=\u00bb140deg\u00bb background_color_gradient_stops=\u00bb#ffffda 0%|rgba(255,255,255,0.05) 100%\u00bb background_color_gradient_start=\u00bb#ffffda\u00bb background_color_gradient_end=\u00bbrgba(255,255,255,0.05)\u00bb background_image=\u00bbhttps:\/\/bertapolo.com\/wp-content\/uploads\/2024\/04\/home-improvement-64.png\u00bb parallax=\u00bbon\u00bb custom_padding=\u00bb0vw||0vw||true|false\u00bb custom_padding_tablet=\u00bb||0px|\u00bb global_colors_info=\u00bb{}\u00bb][et_pb_column type=\u00bb1_2&#8243; _builder_version=\u00bb4.16&#8243; custom_padding=\u00bb|||\u00bb global_colors_info=\u00bb{}\u00bb custom_padding__hover=\u00bb|||\u00bb][\/et_pb_column][et_pb_column type=\u00bb1_2&#8243; specialty_columns=\u00bb2&#8243; _builder_version=\u00bb4.16&#8243; custom_padding=\u00bb|||\u00bb global_colors_info=\u00bb{}\u00bb custom_padding__hover=\u00bb|||\u00bb][\/et_pb_column][\/et_pb_section][et_pb_section fb_built=\u00bb1&#8243; _builder_version=\u00bb4.25.1&#8243; _module_preset=\u00bbdefault\u00bb custom_padding=\u00bb||19px|||\u00bb global_colors_info=\u00bb{}\u00bb][et_pb_row _builder_version=\u00bb4.25.1&#8243; _module_preset=\u00bbdefault\u00bb global_colors_info=\u00bb{}\u00bb][et_pb_column type=\u00bb4_4&#8243; _builder_version=\u00bb4.25.1&#8243; _module_preset=\u00bbdefault\u00bb global_colors_info=\u00bb{}\u00bb][dsm_animated_gradient_text animated_gradient_text=\u00bbParque de Arte\u00bb _builder_version=\u00bb4.25.1&#8243; _module_preset=\u00bbdefault\u00bb header_font=\u00bbActor|700|||||||\u00bb header_text_align=\u00bbcenter\u00bb header_font_size=\u00bb60px\u00bb module_alignment=\u00bbcenter\u00bb global_colors_info=\u00bb{}\u00bb][\/dsm_animated_gradient_text][\/et_pb_column][\/et_pb_row][\/et_pb_section][et_pb_section fb_built=\u00bb1&#8243; _builder_version=\u00bb4.25.1&#8243; _module_preset=\u00bbdefault\u00bb custom_padding=\u00bb20px||18px|||\u00bb global_colors_info=\u00bb{}\u00bb][et_pb_row _builder_version=\u00bb4.25.1&#8243; _module_preset=\u00bbdefault\u00bb animation_style=\u00bbslide\u00bb global_colors_info=\u00bb{}\u00bb][et_pb_column type=\u00bb4_4&#8243; _builder_version=\u00bb4.25.1&#8243; _module_preset=\u00bbdefault\u00bb global_colors_info=\u00bb{}\u00bb][et_pb_text _builder_version=\u00bb4.27.0&#8243; _module_preset=\u00bbdefault\u00bb text_font=\u00bbActor||||||||\u00bb hover_enabled=\u00bb0&#8243; global_colors_info=\u00bb{}\u00bb text_font_size=\u00bb16px\u00bb sticky_enabled=\u00bb0&#8243;]<\/p>\n<p class=\"x_MsoNormal\" style=\"text-align: justify;\"><span data-ogsc=\"rgb(131, 142, 145)\" data-ogsb=\"rgb(252, 252, 252)\">Hemos dise\u00f1ado el \u201cPARQUE DE ARTE<b>\u201d<\/b>\u00a0con el deseo de brindarle a los ni\u00f1os y j\u00f3venes una nueva presentaci\u00f3n, con el deseo de que adem\u00e1s de usarse como espacio de diversi\u00f3n se integren con las obras de arte all\u00ed expuesta y que algunas son parte de los juegos.<\/span><\/p>\n<p>Hemos dise\u00f1ado el \u201cPARQUE DE ARTE\u201d\u00a0con el deseo de brindarle a los ni\u00f1os y j\u00f3venes una nueva presentaci\u00f3n, con el deseo de que adem\u00e1s de usarse como espacio de diversi\u00f3n, se integren con las obras de arte all\u00ed expuesta y que algunas son parte de los juegos.<\/p>\n<p>Este proyecto nos deleita\u00a0 con un colorido armonioso dentro del verdor del ambiente natural, usando la gama de los\u00a0 colores vivos y vibrantes, caracter\u00edstico en nuestro pa\u00eds\u00a0 tropical, acompa\u00f1ado de los vistosos dise\u00f1os\u00a0 de las molas y chaquiras que identifican la hermosa creaci\u00f3n de nuestros antepasados ind\u00edgenas. Agregamos tambi\u00e9n en \u00a0este parque adornos que identifican \u00a0la tecnolog\u00eda actual.<\/p>\n<p>Es importante incluir dentro de este proyecto el espacio para\u00a0 un \u201cAnfiteatro\u201d\u00a0y en la parte inferior una \u201cSala de Exposiciones\u201d\u00a0donde los ni\u00f1os y j\u00f3venes nos demuestren sus habilidades art\u00edsticas, con el deseo de que la familia se integre a las actividades,\u00a0 al apreciar y deleitarse del talento que exponen los infantes y j\u00f3venes.<\/p>\n<p>El principal inter\u00e9s al dise\u00f1ar este proyecto es de: \u00a0\u00a0motivarlos \u00a0para que realicen \u00a0los juegos f\u00edsicos recreativos\u00a0 y al mismo tiempo incentivarlos el amor por el arte, al desarrollarles habilidades creativas \u00a0que algunos de \u00a0ellos no lo han descubierto dentro de s\u00ed mismo.<\/p>\n<p>[\/et_pb_text][\/et_pb_column][\/et_pb_row][\/et_pb_section][et_pb_section fb_built=\u00bb1&#8243; _builder_version=\u00bb4.25.1&#8243; _module_preset=\u00bbdefault\u00bb custom_padding=\u00bb14px||34px|||\u00bb global_colors_info=\u00bb{}\u00bb][et_pb_row _builder_version=\u00bb4.25.1&#8243; _module_preset=\u00bbdefault\u00bb global_colors_info=\u00bb{}\u00bb][et_pb_column type=\u00bb4_4&#8243; _builder_version=\u00bb4.25.1&#8243; _module_preset=\u00bbdefault\u00bb global_colors_info=\u00bb{}\u00bb][et_pb_image src=\u00bbhttps:\/\/bertapolo.com\/wp-content\/uploads\/2024\/05\/parquesrecreativos.jpg\u00bb title_text=\u00bbparquesrecreativos\u00bb _builder_version=\u00bb4.25.1&#8243; _module_preset=\u00bbdefault\u00bb global_colors_info=\u00bb{}\u00bb][\/et_pb_image][\/et_pb_column][\/et_pb_row][\/et_pb_section][et_pb_section fb_built=\u00bb1&#8243; _builder_version=\u00bb4.25.1&#8243; _module_preset=\u00bbdefault\u00bb background_color=\u00bb#242424&#8243; custom_padding=\u00bb19px||34px|||\u00bb global_colors_info=\u00bb{}\u00bb][et_pb_row use_custom_gutter=\u00bbon\u00bb _builder_version=\u00bb4.25.1&#8243; _module_preset=\u00bbdefault\u00bb width=\u00bb100%\u00bb max_width=\u00bb1493px\u00bb global_colors_info=\u00bb{}\u00bb][et_pb_column type=\u00bb4_4&#8243; _builder_version=\u00bb4.25.1&#8243; _module_preset=\u00bbdefault\u00bb global_colors_info=\u00bb{}\u00bb][dsm_masonry_gallery gallery_ids=\u00bb257572,257573,257574,257575,257576,257577,257578,257579,257580,257581,257582&#8243; use_zoom_on_hover=\u00bbon\u00bb _builder_version=\u00bb4.25.1&#8243; _module_preset=\u00bbdefault\u00bb global_colors_info=\u00bb{}\u00bb][\/dsm_masonry_gallery][\/et_pb_column][\/et_pb_row][\/et_pb_section][et_pb_section fb_built=\u00bb1&#8243; _builder_version=\u00bb4.25.0&#8243; _module_preset=\u00bbdefault\u00bb custom_padding=\u00bb12px|||||\u00bb global_colors_info=\u00bb{}\u00bb][\/et_pb_section]<\/p>\n","protected":false},"excerpt":{"rendered":"<p><div class=\"et_pb_module dsm_animated_gradient_text dsm_animated_gradient_text_0\">\n\t\t\t\t\n\t\t\t\t\n\t\t\t\t\n\t\t\t\t\n\t\t\t\t\n\t\t\t\t\n\t\t\t\t<div class=\"et_pb_module_inner\">\n\t\t\t\t\t<h2 class=\"dsm-animated-gradient-text et_pb_module_header\">Parque de Arte<\/h2>\n\t\t\t\t<\/div>\n\t\t\t<\/div>Hemos dise\u00f1ado el \u201cPARQUE DE ARTE\u201d\u00a0con el deseo de brindarle a los ni\u00f1os y j\u00f3venes una nueva presentaci\u00f3n, con el deseo de que adem\u00e1s de usarse como espacio de diversi\u00f3n se integren con las obras de arte all\u00ed expuesta y que algunas son parte de los juegos. Hemos dise\u00f1ado el \u201cPARQUE DE ARTE\u201d\u00a0con el deseo de brindarle a los ni\u00f1os y j\u00f3venes una nueva presentaci\u00f3n, con el deseo de que adem\u00e1s de usarse como espacio de diversi\u00f3n, se integren con las obras de arte all\u00ed expuesta y que algunas son parte de los juegos. Este proyecto nos deleita\u00a0 con un colorido armonioso dentro del verdor del ambiente natural, usando la gama de los\u00a0 colores vivos y vibrantes, caracter\u00edstico en nuestro pa\u00eds\u00a0 tropical, acompa\u00f1ado de los vistosos dise\u00f1os\u00a0 de las molas y chaquiras que identifican la hermosa creaci\u00f3n de nuestros antepasados ind\u00edgenas. Agregamos tambi\u00e9n en \u00a0este parque adornos que identifican \u00a0la tecnolog\u00eda actual. Es importante incluir dentro de este proyecto el espacio para\u00a0 un \u201cAnfiteatro\u201d\u00a0y en la parte inferior una \u201cSala de Exposiciones\u201d\u00a0donde los ni\u00f1os y j\u00f3venes nos demuestren sus habilidades art\u00edsticas, con el deseo de que la familia se integre [&hellip;]<\/p>\n","protected":false},"author":2,"featured_media":0,"parent":0,"menu_order":0,"comment_status":"closed","ping_status":"closed","template":"","meta":{"_et_pb_use_builder":"on","_et_pb_old_content":"","_et_gb_content_width":"","footnotes":""},"class_list":["post-257360","page","type-page","status-publish","hentry"],"aioseo_notices":[],"_links":{"self":[{"href":"https:\/\/bertapolo.com\/index.php?rest_route=\/wp\/v2\/pages\/257360","targetHints":{"allow":["GET"]}}],"collection":[{"href":"https:\/\/bertapolo.com\/index.php?rest_route=\/wp\/v2\/pages"}],"about":[{"href":"https:\/\/bertapolo.com\/index.php?rest_route=\/wp\/v2\/types\/page"}],"author":[{"embeddable":true,"href":"https:\/\/bertapolo.com\/index.php?rest_route=\/wp\/v2\/users\/2"}],"replies":[{"embeddable":true,"href":"https:\/\/bertapolo.com\/index.php?rest_route=%2Fwp%2Fv2%2Fcomments&post=257360"}],"version-history":[{"count":7,"href":"https:\/\/bertapolo.com\/index.php?rest_route=\/wp\/v2\/pages\/257360\/revisions"}],"predecessor-version":[{"id":257802,"href":"https:\/\/bertapolo.com\/index.php?rest_route=\/wp\/v2\/pages\/257360\/revisions\/257802"}],"wp:attachment":[{"href":"https:\/\/bertapolo.com\/index.php?rest_route=%2Fwp%2Fv2%2Fmedia&parent=257360"}],"curies":[{"name":"wp","href":"https:\/\/api.w.org\/{rel}","templated":true}]}}