{"id":257108,"date":"2024-04-19T17:23:00","date_gmt":"2024-04-19T22:23:00","guid":{"rendered":"https:\/\/bertapolo.com\/?page_id=257108"},"modified":"2024-07-24T11:13:14","modified_gmt":"2024-07-24T16:13:14","slug":"monumentos","status":"publish","type":"page","link":"https:\/\/bertapolo.com\/?page_id=257108","title":{"rendered":"MONUMENTOS"},"content":{"rendered":"<p>[et_pb_section fb_built=\u00bb1&#8243; _builder_version=\u00bb4.25.1&#8243; _module_preset=\u00bbdefault\u00bb background_image=\u00bbhttps:\/\/bertapolo.com\/wp-content\/uploads\/2024\/04\/home-improvement-64.png\u00bb custom_padding=\u00bb||12px|||\u00bb global_colors_info=\u00bb{}\u00bb][et_pb_row _builder_version=\u00bb4.25.1&#8243; _module_preset=\u00bbdefault\u00bb global_colors_info=\u00bb{}\u00bb][et_pb_column type=\u00bb4_4&#8243; _builder_version=\u00bb4.25.1&#8243; _module_preset=\u00bbdefault\u00bb global_colors_info=\u00bb{}\u00bb][dsm_gradient_text gradient_text=\u00bbMONUMENTOS\u00bb _builder_version=\u00bb4.25.1&#8243; _module_preset=\u00bbdefault\u00bb header_font=\u00bbActor|700|||||||\u00bb header_font_size=\u00bb41px\u00bb text_orientation=\u00bbcenter\u00bb custom_margin=\u00bb||20px|||\u00bb global_colors_info=\u00bb{}\u00bb][\/dsm_gradient_text][et_pb_text _builder_version=\u00bb4.27.0&#8243; _module_preset=\u00bbdefault\u00bb text_font=\u00bbActor||||||||\u00bb text_font_size=\u00bb17px\u00bb custom_margin=\u00bb||99px|||\u00bb hover_enabled=\u00bb0&#8243; global_colors_info=\u00bb{}\u00bb sticky_enabled=\u00bb0&#8243;]<\/p>\n<p style=\"text-align: justify;\"><span>En mi condici\u00f3n de profesional de las Artes Pl\u00e1sticas en el ramo de la pintura y escultura, siempre\u00a0 so\u00f1\u00e9 con un Panam\u00e1 donde el arte y la cultura se abracen con el desarrollo cient\u00edfico y tecnol\u00f3gico,\u00a0 para que juntos eleven la cultura de nuestro hermoso\u00a0 istmo tropical.<\/span><\/p>\n<p style=\"text-align: justify;\"><span>Tuve tambi\u00e9n la linda oportunidad de participar en siete proyectos que se aprecian en el Museo de Miraflores, en coordinaci\u00f3n con el Arquitecto Eduardo P\u00e9rez, quien dise\u00f1\u00f3 el interior de este educativo y elegante Museo.<\/span><\/p>\n<p style=\"text-align: justify;\"><span>Al ver nacer el Proyecto de Ampliaci\u00f3n del Canal le di rienda suelta a mi imaginaci\u00f3n con el deseo de crear un monumento escult\u00f3rico.\u00a0 Entre muchos bocetos y trazos me inspir\u00f3\u00a0 el hecho de que nuestro pa\u00eds est\u00e1 ba\u00f1ado por dos oc\u00e9anos y que el canal le da la oportunidad al mundo de unirlo en corto tiempo. Esta obra considerada una de las <strong>MARAVILLAS DE LA INGENIER\u00cdA\u00a0MODERNA<\/strong>\u00a0 \u00a0permite ser un lugar de libre tr\u00e1nsito. De\u00a0all\u00ed nace la idea de plasmar la obra\u00a0<\/span><span>escult\u00f3rica titulada:\u00a0<\/span><span>\u00abPANAM\u00c1 CONFRATERNIDAD DE DOS OC\u00c9ANOS\u00bb.<\/span><\/p>\n<p style=\"text-align: justify;\"><span>Posteriormente,\u00a0decid\u00ed\u00a0hacer\u00a0otro proyecto monumental\u00a0 donde\u00a0 \u00a0visualizo a esta\u00a0 patria istme\u00f1a como\u00a0<\/span><span>\u00a0un diamante,<\/span><span>\u00a0<\/span><span>\u00a0 \u00a0s\u00edmbolo\u00a0indisoluble del amor,\u00a0 \u00a0al\u00a0 brillar\u00a0 \u00a0cuando\u00a0 convergen personas\u00a0de todo el mundo. Esto dio origen\u00a0 al\u00a0\u00a0t\u00edtulo\u00a0de la obra escult\u00f3rica \u00abDIAMANTE DEL PAC\u00cdFICO\u00bb<\/span><\/p>\n<p>[\/et_pb_text][dsm_animated_gradient_text animated_gradient_text=\u00bbDIAMANTES DEL PAC\u00cdFICO\u00bb _builder_version=\u00bb4.25.1&#8243; _module_preset=\u00bbdefault\u00bb header_font=\u00bbActor|700|||||||\u00bb header_text_align=\u00bbcenter\u00bb header_font_size=\u00bb41px\u00bb global_colors_info=\u00bb{}\u00bb][\/dsm_animated_gradient_text][\/et_pb_column][\/et_pb_row][et_pb_row use_custom_gutter=\u00bbon\u00bb make_equal=\u00bbon\u00bb _builder_version=\u00bb4.25.1&#8243; _module_preset=\u00bbdefault\u00bb width=\u00bb96%\u00bb max_width=\u00bb1622px\u00bb custom_padding=\u00bb17px|||||\u00bb global_colors_info=\u00bb{}\u00bb][et_pb_column type=\u00bb4_4&#8243; _builder_version=\u00bb4.25.1&#8243; _module_preset=\u00bbdefault\u00bb global_colors_info=\u00bb{}\u00bb][et_pb_image src=\u00bbhttps:\/\/bertapolo.com\/wp-content\/uploads\/2024\/04\/proyectos-de-parques14.jpg\u00bb title_text=\u00bbproyectos-de-parques14&#8243; align=\u00bbcenter\u00bb force_fullwidth=\u00bbon\u00bb _builder_version=\u00bb4.25.1&#8243; _module_preset=\u00bbdefault\u00bb custom_margin=\u00bb16px|||||\u00bb global_colors_info=\u00bb{}\u00bb][\/et_pb_image][\/et_pb_column][\/et_pb_row][\/et_pb_section][et_pb_section fb_built=\u00bb1&#8243; admin_label=\u00bbFAQ\u00bb _builder_version=\u00bb4.16&#8243; custom_margin=\u00bb0px|||||\u00bb custom_padding=\u00bb10px|0px|10px|0px|false|false\u00bb global_colors_info=\u00bb{}\u00bb][et_pb_row _builder_version=\u00bb4.25.0&#8243; _module_preset=\u00bbdefault\u00bb width=\u00bb94%\u00bb max_width=\u00bb1246px\u00bb animation_style=\u00bbbounce\u00bb global_colors_info=\u00bb{}\u00bb][et_pb_column type=\u00bb4_4&#8243; _builder_version=\u00bb4.25.0&#8243; _module_preset=\u00bbdefault\u00bb global_colors_info=\u00bb{}\u00bb][dsm_masonry_gallery gallery_ids=\u00bb257128,257122,257126,257125,257124,257123&#8243; _builder_version=\u00bb4.25.1&#8243; _module_preset=\u00bbdefault\u00bb global_colors_info=\u00bb{}\u00bb][\/dsm_masonry_gallery][dsm_masonry_gallery gallery_ids=\u00bb257120,257119,257118,257117,257116,257115&#8243; _builder_version=\u00bb4.25.0&#8243; _module_preset=\u00bbdefault\u00bb global_colors_info=\u00bb{}\u00bb][\/dsm_masonry_gallery][\/et_pb_column][\/et_pb_row][\/et_pb_section][et_pb_section fb_built=\u00bb1&#8243; _builder_version=\u00bb4.25.1&#8243; _module_preset=\u00bbdefault\u00bb custom_padding=\u00bb10px||3px|||\u00bb global_colors_info=\u00bb{}\u00bb][et_pb_row use_custom_gutter=\u00bbon\u00bb make_equal=\u00bbon\u00bb _builder_version=\u00bb4.25.1&#8243; _module_preset=\u00bbdefault\u00bb width=\u00bb96%\u00bb max_width=\u00bb1622px\u00bb custom_padding=\u00bb17px|||||\u00bb global_colors_info=\u00bb{}\u00bb][et_pb_column type=\u00bb4_4&#8243; _builder_version=\u00bb4.25.1&#8243; _module_preset=\u00bbdefault\u00bb global_colors_info=\u00bb{}\u00bb][dsm_animated_gradient_text animated_gradient_text=\u00bbCONFRATERNIDAD DE DOS OC\u00c9ANOS\u00bb animated_gradient_speed=\u00bb4&#8243; _builder_version=\u00bb4.25.1&#8243; _module_preset=\u00bbdefault\u00bb header_font=\u00bbActor|700|||||||\u00bb header_text_align=\u00bbcenter\u00bb header_font_size=\u00bb40px\u00bb global_colors_info=\u00bb{}\u00bb][\/dsm_animated_gradient_text][et_pb_image src=\u00bbhttps:\/\/bertapolo.com\/wp-content\/uploads\/2024\/05\/Escultura.jpg\u00bb title_text=\u00bbEscultura\u00bb align=\u00bbcenter\u00bb force_fullwidth=\u00bbon\u00bb _builder_version=\u00bb4.25.1&#8243; _module_preset=\u00bbdefault\u00bb custom_margin=\u00bb16px|||||\u00bb global_colors_info=\u00bb{}\u00bb][\/et_pb_image][\/et_pb_column][\/et_pb_row][\/et_pb_section][et_pb_section fb_built=\u00bb1&#8243; _builder_version=\u00bb4.25.1&#8243; _module_preset=\u00bbdefault\u00bb custom_padding=\u00bb40px||7px|||\u00bb global_colors_info=\u00bb{}\u00bb][et_pb_row use_custom_gutter=\u00bbon\u00bb gutter_width=\u00bb2&#8243; _builder_version=\u00bb4.25.1&#8243; _module_preset=\u00bbdefault\u00bb width=\u00bb100%\u00bb max_width=\u00bb1200px\u00bb global_colors_info=\u00bb{}\u00bb][et_pb_column type=\u00bb4_4&#8243; _builder_version=\u00bb4.25.1&#8243; _module_preset=\u00bbdefault\u00bb global_colors_info=\u00bb{}\u00bb][dsm_masonry_gallery gallery_ids=\u00bb257414,257415&#8243; columns=\u00bb2&#8243; use_lightbox=\u00bbon\u00bb use_zoom_on_hover=\u00bbon\u00bb _builder_version=\u00bb4.25.1&#8243; _module_preset=\u00bbdefault\u00bb global_colors_info=\u00bb{}\u00bb][\/dsm_masonry_gallery][dsm_masonry_gallery gallery_ids=\u00bb257417,257418&#8243; columns=\u00bb2&#8243; use_lightbox=\u00bbon\u00bb use_zoom_on_hover=\u00bbon\u00bb _builder_version=\u00bb4.25.1&#8243; _module_preset=\u00bbdefault\u00bb global_colors_info=\u00bb{}\u00bb][\/dsm_masonry_gallery][\/et_pb_column][\/et_pb_row][\/et_pb_section][et_pb_section fb_built=\u00bb1&#8243; _builder_version=\u00bb4.25.1&#8243; _module_preset=\u00bbdefault\u00bb custom_padding=\u00bb10px||3px|||\u00bb global_colors_info=\u00bb{}\u00bb][\/et_pb_section][et_pb_section fb_built=\u00bb1&#8243; specialty=\u00bbon\u00bb prev_background_color=\u00bb#ffffff\u00bb padding_top_2=\u00bb10vw\u00bb admin_label=\u00bbFooter\u00bb _builder_version=\u00bb4.16&#8243; background_color=\u00bb#88caa6&#8243; background_image=\u00bbhttps:\/\/bertapolo.com\/wp-content\/uploads\/2024\/02\/home-improvement-13.png\u00bb parallax=\u00bbon\u00bb custom_margin=\u00bb||\u00bb custom_margin_tablet=\u00bb0px|||\u00bb custom_margin_last_edited=\u00bboff|tablet\u00bb custom_padding=\u00bb0|0px|54px|0px|false|false\u00bb top_divider_style=\u00bbslant\u00bb top_divider_height=\u00bb30%\u00bb top_divider_flip=\u00bbhorizontal\u00bb locked=\u00bboff\u00bb global_colors_info=\u00bb{}\u00bb][et_pb_column type=\u00bb1_2&#8243; specialty_columns=\u00bb2&#8243; _builder_version=\u00bb4.16&#8243; custom_padding=\u00bb|||\u00bb global_colors_info=\u00bb{}\u00bb custom_padding__hover=\u00bb|||\u00bb][\/et_pb_column][et_pb_column type=\u00bb1_2&#8243; _builder_version=\u00bb4.16&#8243; custom_padding=\u00bb|||\u00bb global_colors_info=\u00bb{}\u00bb custom_padding__hover=\u00bb|||\u00bb][\/et_pb_column][\/et_pb_section]<\/p>\n","protected":false},"excerpt":{"rendered":"<p><div class=\"et_pb_module dsm_gradient_text dsm_gradient_text_0  et_pb_text_align_center\">\n\t\t\t\t\n\t\t\t\t\n\t\t\t\t\n\t\t\t\t\n\t\t\t\t\n\t\t\t\t\n\t\t\t\t<div class=\"et_pb_module_inner\">\n\t\t\t\t\t<h1 class=\"dsm-gradient-text et_pb_module_header\">MONUMENTOS<\/h1>\n\t\t\t\t<\/div>\n\t\t\t<\/div>En mi condici\u00f3n de profesional de las Artes Pl\u00e1sticas en el ramo de la pintura y escultura, siempre\u00a0 so\u00f1\u00e9 con un Panam\u00e1 donde el arte y la cultura se abracen con el desarrollo cient\u00edfico y tecnol\u00f3gico,\u00a0 para que juntos eleven la cultura de nuestro hermoso\u00a0 istmo tropical. Tuve tambi\u00e9n la linda oportunidad de participar en siete proyectos que se aprecian en el Museo de Miraflores, en coordinaci\u00f3n con el Arquitecto Eduardo P\u00e9rez, quien dise\u00f1\u00f3 el interior de este educativo y elegante Museo. Al ver nacer el Proyecto de Ampliaci\u00f3n del Canal le di rienda suelta a mi imaginaci\u00f3n con el deseo de crear un monumento escult\u00f3rico.\u00a0 Entre muchos bocetos y trazos me inspir\u00f3\u00a0 el hecho de que nuestro pa\u00eds est\u00e1 ba\u00f1ado por dos oc\u00e9anos y que el canal le da la oportunidad al mundo de unirlo en corto tiempo. Esta obra considerada una de las MARAVILLAS DE LA INGENIER\u00cdA\u00a0MODERNA\u00a0 \u00a0permite ser un lugar de libre tr\u00e1nsito. De\u00a0all\u00ed nace la idea de plasmar la obra\u00a0escult\u00f3rica titulada:\u00a0\u00abPANAM\u00c1 CONFRATERNIDAD DE DOS OC\u00c9ANOS\u00bb. Posteriormente,\u00a0decid\u00ed\u00a0hacer\u00a0otro proyecto monumental\u00a0 donde\u00a0 \u00a0visualizo a esta\u00a0 patria istme\u00f1a como\u00a0\u00a0un diamante,\u00a0\u00a0 \u00a0s\u00edmbolo\u00a0indisoluble del amor,\u00a0 \u00a0al\u00a0 brillar\u00a0 \u00a0cuando\u00a0 convergen personas\u00a0de todo el mundo. Esto [&hellip;]<\/p>\n","protected":false},"author":2,"featured_media":0,"parent":0,"menu_order":0,"comment_status":"closed","ping_status":"closed","template":"","meta":{"_et_pb_use_builder":"on","_et_pb_old_content":"","_et_gb_content_width":"","footnotes":""},"class_list":["post-257108","page","type-page","status-publish","hentry"],"aioseo_notices":[],"_links":{"self":[{"href":"https:\/\/bertapolo.com\/index.php?rest_route=\/wp\/v2\/pages\/257108","targetHints":{"allow":["GET"]}}],"collection":[{"href":"https:\/\/bertapolo.com\/index.php?rest_route=\/wp\/v2\/pages"}],"about":[{"href":"https:\/\/bertapolo.com\/index.php?rest_route=\/wp\/v2\/types\/page"}],"author":[{"embeddable":true,"href":"https:\/\/bertapolo.com\/index.php?rest_route=\/wp\/v2\/users\/2"}],"replies":[{"embeddable":true,"href":"https:\/\/bertapolo.com\/index.php?rest_route=%2Fwp%2Fv2%2Fcomments&post=257108"}],"version-history":[{"count":29,"href":"https:\/\/bertapolo.com\/index.php?rest_route=\/wp\/v2\/pages\/257108\/revisions"}],"predecessor-version":[{"id":257796,"href":"https:\/\/bertapolo.com\/index.php?rest_route=\/wp\/v2\/pages\/257108\/revisions\/257796"}],"wp:attachment":[{"href":"https:\/\/bertapolo.com\/index.php?rest_route=%2Fwp%2Fv2%2Fmedia&parent=257108"}],"curies":[{"name":"wp","href":"https:\/\/api.w.org\/{rel}","templated":true}]}}