{"id":256918,"date":"2024-02-24T23:17:09","date_gmt":"2024-02-24T22:17:09","guid":{"rendered":"https:\/\/bertapolo.com\/?page_id=256918"},"modified":"2024-07-29T18:23:23","modified_gmt":"2024-07-29T23:23:23","slug":"vida-artiastica","status":"publish","type":"page","link":"https:\/\/bertapolo.com\/?page_id=256918","title":{"rendered":"VIDA ART\u00cdASTICA"},"content":{"rendered":"<p>[et_pb_section fb_built=\u00bb1&#8243; custom_padding_last_edited=\u00bbon|desktop\u00bb admin_label=\u00bbHeader\u00bb _builder_version=\u00bb4.16&#8243; background_color=\u00bb#ffffda\u00bb background_image=\u00bbhttps:\/\/bertapolo.com\/wp-content\/uploads\/2024\/02\/home-improvement-69.png\u00bb parallax=\u00bbon\u00bb custom_padding=\u00bb9vw||1vw||false|false\u00bb custom_padding_tablet=\u00bb||70px\u00bb custom_padding_phone=\u00bb\u00bb locked=\u00bboff\u00bb global_colors_info=\u00bb{}\u00bb][et_pb_row column_structure=\u00bb2_5,3_5&#8243; _builder_version=\u00bb4.16&#8243; custom_margin=\u00bb|38px||auto||\u00bb custom_padding=\u00bb|0px||||\u00bb global_colors_info=\u00bb{}\u00bb][et_pb_column type=\u00bb2_5&#8243; _builder_version=\u00bb4.16&#8243; custom_padding=\u00bb|||\u00bb custom_padding_tablet=\u00bb0px|||\u00bb custom_padding_phone=\u00bb0px|||\u00bb custom_padding_last_edited=\u00bbon|tablet\u00bb global_colors_info=\u00bb{}\u00bb custom_padding__hover=\u00bb|||\u00bb][et_pb_text _builder_version=\u00bb4.25.1&#8243; text_font=\u00bbActor|700|||||||\u00bb text_text_color=\u00bb#FFFFFF\u00bb text_font_size=\u00bb41px\u00bb text_line_height=\u00bb1.8em\u00bb header_font=\u00bbLimelight|700|||||||\u00bb header_text_align=\u00bbcenter\u00bb header_text_color=\u00bb#000000&#8243; header_font_size=\u00bb100px\u00bb header_line_height=\u00bb1.1em\u00bb header_2_font=\u00bbActor||||||||\u00bb text_orientation=\u00bbcenter\u00bb module_alignment=\u00bbcenter\u00bb custom_margin=\u00bb|-30px|5px|-72px||\u00bb custom_margin_tablet=\u00bb|-53px|0px|-52px||\u00bb custom_margin_phone=\u00bb|-30px|0px|-45px||\u00bb custom_margin_last_edited=\u00bbon|tablet\u00bb custom_padding=\u00bb0px|16px|0px|19px||\u00bb animation_style=\u00bbzoom\u00bb text_font_size_tablet=\u00bb\u00bb text_font_size_phone=\u00bb32px\u00bb text_font_size_last_edited=\u00bbon|phone\u00bb header_font_size_tablet=\u00bb40px\u00bb header_font_size_phone=\u00bb35px\u00bb header_font_size_last_edited=\u00bbon|phone\u00bb inline_fonts=\u00bbActor\u00bb global_colors_info=\u00bb{}\u00bb]<\/p>\n<pre><span style=\"font-family: Actor; color: #000000;\"><strong>Vida Art\u00edstica<\/strong><\/span><\/pre>\n<p>[\/et_pb_text][et_pb_text _builder_version=\u00bb4.27.0&#8243; text_font=\u00bbActor||||||||\u00bb text_font_size=\u00bb16px\u00bb text_line_height=\u00bb1.1em\u00bb header_font=\u00bbActor||||||||\u00bb header_text_color=\u00bb#000000&#8243; header_font_size=\u00bb100px\u00bb header_line_height=\u00bb1.2em\u00bb module_alignment=\u00bbcenter\u00bb custom_margin=\u00bb|-26px|60px|-91px||\u00bb custom_margin_tablet=\u00bb|-53px|0px|-52px||\u00bb custom_margin_phone=\u00bb|-30px|0px|13px||\u00bb custom_margin_last_edited=\u00bbon|tablet\u00bb custom_padding=\u00bb|0px|0px|0px||\u00bb animation_style=\u00bbzoom\u00bb text_font_size_tablet=\u00bb\u00bb text_font_size_phone=\u00bb15px\u00bb text_font_size_last_edited=\u00bbon|phone\u00bb header_font_size_tablet=\u00bb40px\u00bb header_font_size_phone=\u00bb35px\u00bb header_font_size_last_edited=\u00bbon|phone\u00bb global_colors_info=\u00bb{}\u00bb]<\/p>\n<p style=\"text-align: justify;\">Lo m\u00e1s gratificante para Berta fue, que al recibir el Diploma de T\u00e9cnico en la Escuela de Artes Pl\u00e1sticas, el se\u00f1or Ministro de Educaci\u00f3n la felicita al entregarle el Certificado de Primer Puesto de Honor, la que le permiti\u00f3 obtener una Beca otorgada por el IFARHU para estudiar la Licenciatura en Pintura en la mundialmente conocida ACADEMIA DE SAN CARLOS DE LA UNIVERSIDAD NACIONAL AUT\u00d3NOMA DE MEXICO, donde obtuvo DOS MENCIONES HONOR\u00cdFICAS por ocupar el PRIMER PUESTO en los t\u00edtulos de: LICENCIATURA y el grado de MAESTR\u00cdA EN PINTURA.<\/p>\n<p style=\"text-align: justify;\">Posteriormente, no conforme con el grado de MAESTR\u00cdA EN PINTURA, se traslada a la ciudad de Par\u00eds-, Francia e ingresa a la Universidad LA SORBONNE, donde realiz\u00f3 sus estudios de DOCTORADO EN PINTURA.<\/p>\n<p style=\"text-align: justify;\">Con el deseo de ejercer como docente, ingresa a la UNIVERSIDAD DE PANAM\u00c1 y se inscribe para obtener el grado de PROFESORA CON ESPECIALIZACI\u00d3N EN DOCENCIA UNIVERSITARIA.<\/p>\n<p style=\"text-align: justify;\">Fue un gran honor, compromiso y satisfacci\u00f3n para la Dra. Berta Polo al recibir el nombramiento de CATEDR\u00c1TICA EN LA FACULTAD DE ARQUITECTURA Y DISE\u00d1O DE LA UNIVERSIDAD DE PANAM\u00c1.<\/p>\n<p style=\"text-align: justify;\">En el plano diplom\u00e1tico, Berta Polo expone sus obras en la UNESCO en PARIS- FRANCIA Invitaci\u00f3n que le permite ser la primera pintora latinoamericana que expone individualmente sus creaciones pict\u00f3ricas durante la reuni\u00f3n de la Sede del Consejo Ejecutivo de este Magno Organismo Internacional, lo que permiti\u00f3 que los Embajadores de los pa\u00edses del mundo apreciaran sus creaciones.<\/p>\n<p style=\"text-align: justify;\">Berta Polo ha expuesto sus creaciones pict\u00f3ricas en la Organizaci\u00f3n de Estados Americanos OEA en Washington U.S.A. en el \u201cSal\u00f3n las Am\u00e9ricas.\u201d.<\/p>\n<p style=\"text-align: justify;\">Sus obras tambi\u00e9n se han presentado a nivel internacional en M\u00e9xico. Costa Rica, Colombia, Per\u00fa, Estados Unidos, Francia y Espa\u00f1a.<\/p>\n<p>[\/et_pb_text][\/et_pb_column][et_pb_column type=\u00bb3_5&#8243; _builder_version=\u00bb4.16&#8243; custom_padding=\u00bb|||\u00bb global_colors_info=\u00bb{}\u00bb custom_padding__hover=\u00bb|||\u00bb][et_pb_image src=\u00bbhttps:\/\/bertapolo.com\/wp-content\/uploads\/2024\/04\/PHOTO-2024-04-20-13-05-30.jpg\u00bb title_text=\u00bbPHOTO-2024-04-20-13-05-30&#8243; _builder_version=\u00bb4.25.1&#8243; _module_preset=\u00bbdefault\u00bb animation_style=\u00bbfold\u00bb global_colors_info=\u00bb{}\u00bb][\/et_pb_image][\/et_pb_column][\/et_pb_row][\/et_pb_section][et_pb_section fb_built=\u00bb1&#8243; _builder_version=\u00bb4.25.1&#8243; _module_preset=\u00bbdefault\u00bb custom_padding=\u00bb28px||22px|||\u00bb global_colors_info=\u00bb{}\u00bb][et_pb_row column_structure=\u00bb1_3,1_3,1_3&#8243; use_custom_gutter=\u00bbon\u00bb make_equal=\u00bbon\u00bb _builder_version=\u00bb4.25.1&#8243; _module_preset=\u00bbdefault\u00bb width=\u00bb100%\u00bb max_width=\u00bb1764px\u00bb global_colors_info=\u00bb{}\u00bb][et_pb_column type=\u00bb1_3&#8243; _builder_version=\u00bb4.25.1&#8243; _module_preset=\u00bbdefault\u00bb global_colors_info=\u00bb{}\u00bb][et_pb_image src=\u00bbhttps:\/\/bertapolo.com\/wp-content\/uploads\/2024\/05\/log_3.png\u00bb title_text=\u00bblog_3&#8243; _builder_version=\u00bb4.25.1&#8243; _module_preset=\u00bbdefault\u00bb animation_style=\u00bbslide\u00bb global_colors_info=\u00bb{}\u00bb][\/et_pb_image][\/et_pb_column][et_pb_column type=\u00bb1_3&#8243; _builder_version=\u00bb4.25.1&#8243; _module_preset=\u00bbdefault\u00bb global_colors_info=\u00bb{}\u00bb][et_pb_image src=\u00bbhttps:\/\/bertapolo.com\/wp-content\/uploads\/2024\/05\/log_2.png\u00bb title_text=\u00bblog_2&#8243; _builder_version=\u00bb4.25.1&#8243; _module_preset=\u00bbdefault\u00bb animation_style=\u00bbslide\u00bb global_colors_info=\u00bb{}\u00bb][\/et_pb_image][\/et_pb_column][et_pb_column type=\u00bb1_3&#8243; _builder_version=\u00bb4.25.1&#8243; _module_preset=\u00bbdefault\u00bb global_colors_info=\u00bb{}\u00bb][et_pb_image src=\u00bbhttps:\/\/bertapolo.com\/wp-content\/uploads\/2024\/05\/log_1.png\u00bb title_text=\u00bblog_1&#8243; _builder_version=\u00bb4.25.1&#8243; _module_preset=\u00bbdefault\u00bb animation_style=\u00bbslide\u00bb global_colors_info=\u00bb{}\u00bb][\/et_pb_image][\/et_pb_column][\/et_pb_row][\/et_pb_section][et_pb_section fb_built=\u00bb1&#8243; specialty=\u00bbon\u00bb _builder_version=\u00bb4.24.2&#8243; _module_preset=\u00bbdefault\u00bb custom_padding=\u00bb28px|||||\u00bb global_colors_info=\u00bb{}\u00bb][et_pb_column type=\u00bb1_2&#8243; _builder_version=\u00bb4.16&#8243; custom_padding=\u00bb|||\u00bb global_colors_info=\u00bb{}\u00bb custom_padding__hover=\u00bb|||\u00bb][et_pb_image src=\u00bbhttps:\/\/bertapolo.com\/wp-content\/uploads\/2024\/05\/IMG_6788-1-scaled.jpg\u00bb title_text=\u00bbIMG_6788 (1)\u00bb _builder_version=\u00bb4.25.1&#8243; _module_preset=\u00bbdefault\u00bb animation_style=\u00bbzoom\u00bb global_colors_info=\u00bb{}\u00bb][\/et_pb_image][\/et_pb_column][et_pb_column type=\u00bb1_2&#8243; specialty_columns=\u00bb2&#8243; _builder_version=\u00bb4.16&#8243; custom_padding=\u00bb|||\u00bb global_colors_info=\u00bb{}\u00bb custom_padding__hover=\u00bb|||\u00bb][et_pb_row_inner _builder_version=\u00bb4.24.2&#8243; _module_preset=\u00bbdefault\u00bb custom_padding=\u00bb43px|||||\u00bb global_colors_info=\u00bb{}\u00bb][et_pb_column_inner saved_specialty_column_type=\u00bb1_2&#8243; _builder_version=\u00bb4.24.2&#8243; _module_preset=\u00bbdefault\u00bb global_colors_info=\u00bb{}\u00bb][et_pb_text _builder_version=\u00bb4.27.0&#8243; _module_preset=\u00bbdefault\u00bb text_font=\u00bbActor||||||||\u00bb text_font_size=\u00bb16px\u00bb text_line_height=\u00bb1.3em\u00bb custom_margin=\u00bb-22px|||||\u00bb animation_style=\u00bbfold\u00bb hover_enabled=\u00bb0&#8243; global_colors_info=\u00bb{}\u00bb sticky_enabled=\u00bb0&#8243;]<\/p>\n<p style=\"text-align: justify;\">Ha realizado exhibiciones en universidades internacionales como lo fue la Universidad Polit\u00e9cnica de Madrid y en el Instituto Catal\u00e1n de Cooperaci\u00f3n Iberoamericana en Barcelona, Espa\u00f1a.<\/p>\n<p style=\"text-align: justify;\">Otros de los m\u00e9ritos logrados por la artista es que fue nombrada Directora y Coordinadora de la elaboraci\u00f3n de los Planes de Estudio de la ESCUELA NACIONAL DE ARTES PL\u00c1STICAS en la Facultad de Arquitectura y Dise\u00f1o de la UNIVERSIDAD DE PANAM\u00c1, la que fue aprobada en el Consejo Acad\u00e9mico Universitario en mayo de 1988.<\/p>\n<p style=\"text-align: justify;\">Por haber creado esta Escuela de Artes, el Gobierno de los Estados Unidos de Am\u00e9rica le otorg\u00f3 una valiosa BECA titulada \u201cPROGRAMA DE INTERCAMBIO EDUCATIVO Y CULTURAL\u201d, la que consisti\u00f3 en conocer los planes y programas de estudios de distintas Universidades de igual forma compartir con los Directores de museos y galer\u00eda de 12 ciudades del grandioso pa\u00eds de Am\u00e9rica del Norte. Este premio recibido le aport\u00f3 a la Dra. Polo una gran experiencia en su vida profesional.<\/p>\n<p style=\"text-align: justify;\">Por su extensa y brillante labor de acercamiento Cultural y Art\u00edstico entre los pueblos de Am\u00e9rica, BERTA POLO fue galardonada con el PREMIO \u201cManuelita S\u00e1enz\u201d Categor\u00eda HONOR AL M\u00c9RITO, creado por la Entidad Bolivariana \u201cJuventud Am\u00e9rica\u201d para honrar la memoria de esta destacada mujer.<\/p>\n<p style=\"text-align: justify;\">Otra actividad de gran importancia y emoci\u00f3n para la Dra. Berta Polo, fue el hecho de recibir en el a\u00f1o 2015 la invitaci\u00f3n de S. E. Dr. Alfredo Martiz Embajador de Panam\u00e1 en la Rep\u00fablica de China, Taiw\u00e1n, para exponer su \u00faltima producci\u00f3n pict\u00f3rica titulada: ESENCIA Y COLOR DE PANAM\u00c1 EN TAIW\u00c1N, para ser presentada en el Sitio Hist\u00f3rico Kishu An, la que fue recibida con muchos elogios. Motivo por el cual el Canciller S.E Sim\u00f3n Ho y la Instituci\u00f3n Cato, decidieron continuar mostrando esta muestra pict\u00f3rica en la Sala de Exposiciones del Ministerio de Relaciones Exteriores de Taiw\u00e1n y durante todo el a\u00f1o 2015 en distintas ciudades de este pa\u00eds asi\u00e1tico.<\/p>\n<p>[\/et_pb_text][\/et_pb_column_inner][\/et_pb_row_inner][\/et_pb_column][\/et_pb_section][et_pb_section fb_built=\u00bb1&#8243; padding_top_1=\u00bb0px\u00bb admin_label=\u00bbBlog\u00bb _builder_version=\u00bb4.16&#8243; use_background_color_gradient=\u00bbon\u00bb background_color_gradient_stops=\u00bb#ffffda 0%|#ffffff 30%\u00bb background_color_gradient_start=\u00bb#ffffda\u00bb background_color_gradient_end=\u00bb#ffffff\u00bb background_color_gradient_end_position=\u00bb30%\u00bb global_colors_info=\u00bb{}\u00bb][et_pb_row column_structure=\u00bb1_2,1_2&#8243; _builder_version=\u00bb4.24.2&#8243; _module_preset=\u00bbdefault\u00bb custom_margin=\u00bb|auto||59px||\u00bb global_colors_info=\u00bb{}\u00bb][et_pb_column type=\u00bb1_2&#8243; _builder_version=\u00bb4.24.2&#8243; _module_preset=\u00bbdefault\u00bb global_colors_info=\u00bb{}\u00bb][et_pb_text _builder_version=\u00bb4.27.0&#8243; _module_preset=\u00bbdefault\u00bb text_font=\u00bbActor||||||||\u00bb text_font_size=\u00bb16px\u00bb text_line_height=\u00bb1.1em\u00bb custom_margin=\u00bb|-18px||-42px||\u00bb custom_padding=\u00bb|19px||17px||\u00bb animation_style=\u00bbflip\u00bb hover_enabled=\u00bb0&#8243; global_colors_info=\u00bb{}\u00bb sticky_enabled=\u00bb0&#8243;]<\/p>\n<p style=\"text-align: justify;\">Desde el a\u00f1o 1998, BERTA POLO ha incursionado exitosamente en el \u00e1rea de la escultura, realizando bustos de distintas personalidades, donde ha recibido grandes elogios. Posteriormente, en el a\u00f1o 2003 particip\u00f3 en la creaci\u00f3n del Museo de Miraflores, realizando 7 obras escult\u00f3ricas y pict\u00f3ricas, las que fueron de gran experiencia en su vida profesional.<\/p>\n<p style=\"text-align: justify;\">Desde el a\u00f1o 2007 se ha dedicado a la restauraci\u00f3n de distintos monumentos y obras escult\u00f3ricas, entre las que podemos se\u00f1alar la del monumento al Dr. Justo Arosemena en la Universidad de Panam\u00e1 y la de Don Gabriel Lewis Galindo, ubicado en el Paseo Amador. En el Centro Cultural Chino Paname\u00f1o se restauraron cuatro proyectos escult\u00f3ricos: dos monumentos y dos bustos.<\/p>\n<p style=\"text-align: justify;\">En la Universidad de S\u00e3o Paulo en Brasil particip\u00f3 en el Congreso de Arte dictando dos magistrales conferencias, la que tuvo como t\u00edtulo \u201cHISTORIA DE LAS ARTES PL\u00c1STICAS EN PANAM\u00c1\u201d y otra sobre \u201cLOS MUSEOS EN PANAM\u00c1\u201d.<\/p>\n<p style=\"text-align: justify;\">Otro de los temas que le ha permitido a la Dra. Polo ofrecer un aporte cultural y social es, dictando distintas conferencias sobre El ARTE COMO MEDIO DE PREVENSI\u00d3N DE LA VIOLENCIA FAMILIAR. Esta actividad fue presentada en la Corte Suprema de Justicia de la Rep\u00fablica de El Salvador y en la Corte Suprema de Panam\u00e1. Posteriormente, present\u00f3 una videoconferencia en la Coordinaci\u00f3n Educativa y Cultural Centroamericana, cuya sede se encuentra en San Jos\u00e9, Costa Rica. La que fue de gran aceptaci\u00f3n por los pa\u00edses miembros de este Organismo Internacional.<\/p>\n<p style=\"text-align: justify;\">En octubre de 2017 tuvo el honor de recibir por parte de LA FEDERACI\u00d3N PARA LA PAZ UNIVERSAL la distinci\u00f3n de ser designada como EMBAJADORA PARA LA PAZ EN EL \u00c1REA DE LA CULTURA. Esta distinci\u00f3n a\u00f1adi\u00f3 un pelda\u00f1o m\u00e1s a su exitosa carrera profesional.<\/p>\n<p>[\/et_pb_text][\/et_pb_column][et_pb_column type=\u00bb1_2&#8243; _builder_version=\u00bb4.24.2&#8243; _module_preset=\u00bbdefault\u00bb global_colors_info=\u00bb{}\u00bb][et_pb_image src=\u00bbhttps:\/\/bertapolo.com\/wp-content\/uploads\/2024\/02\/Image_Editor-3-1.png\u00bb title_text=\u00bbImage_Editor-3 (1)\u00bb _builder_version=\u00bb4.27.0&#8243; _module_preset=\u00bbdefault\u00bb custom_margin=\u00bb3px|||||\u00bb animation_style=\u00bbfold\u00bb hover_enabled=\u00bb0&#8243; global_colors_info=\u00bb{}\u00bb sticky_enabled=\u00bb0&#8243;][\/et_pb_image][\/et_pb_column][\/et_pb_row][\/et_pb_section][et_pb_section fb_built=\u00bb1&#8243; _builder_version=\u00bb4.24.2&#8243; _module_preset=\u00bbdefault\u00bb custom_padding=\u00bb20px|||||\u00bb global_colors_info=\u00bb{}\u00bb][et_pb_row column_structure=\u00bb1_2,1_2&#8243; _builder_version=\u00bb4.24.2&#8243; _module_preset=\u00bbdefault\u00bb global_colors_info=\u00bb{}\u00bb][et_pb_column type=\u00bb1_2&#8243; _builder_version=\u00bb4.24.2&#8243; _module_preset=\u00bbdefault\u00bb global_colors_info=\u00bb{}\u00bb][et_pb_image src=\u00bbhttps:\/\/bertapolo.com\/wp-content\/uploads\/2024\/07\/WhatsApp-Image-2024-07-20-at-5.01.59-PM.jpeg\u00bb title_text=\u00bbWhatsApp Image 2024-07-20 at 5.01.59 PM\u00bb _builder_version=\u00bb4.27.0&#8243; _module_preset=\u00bbdefault\u00bb animation_style=\u00bbslide\u00bb global_colors_info=\u00bb{}\u00bb][\/et_pb_image][\/et_pb_column][et_pb_column type=\u00bb1_2&#8243; _builder_version=\u00bb4.24.2&#8243; _module_preset=\u00bbdefault\u00bb global_colors_info=\u00bb{}\u00bb][et_pb_text _builder_version=\u00bb4.27.0&#8243; _module_preset=\u00bbdefault\u00bb text_font=\u00bbActor||||||||\u00bb text_font_size=\u00bb16px\u00bb text_letter_spacing=\u00bb1px\u00bb text_line_height=\u00bb1.3em\u00bb animation_style=\u00bbslide\u00bb global_colors_info=\u00bb{}\u00bb]<\/p>\n<p>En el mes de noviembre de 2021, la Dra. Berta Polo present\u00f3 en un l\u00facido evento cultural en el hotel Riu de la Ciudad de Panam\u00e1 su anhelado sue\u00f1o: el de presentar su primera obra literaria titulada: HUELLAS DEL PINCEL, un mensaje de fe y perseverancia.<\/p>\n<p>Lo m\u00e1s agradable para la Dra. Polo es que el libro fue aceptado por el Ministerio de Educaci\u00f3n como libro de texto complementario en las siguientes materias:<\/p>\n<p>1. Comunicaci\u00f3n Cient\u00edfica (Contenido)<\/p>\n<p>2. Comunicaci\u00f3n psicopedag\u00f3gica (enfoque pedag\u00f3gico)<\/p>\n<p>3. Comunicaci\u00f3n ling\u00fc\u00edstica literaria (lenguaje)<\/p>\n<p>4. Comunicaci\u00f3n T\u00e9cnica &#8211; Gr\u00e1fica (gr\u00e1ficos apropiados)<\/p>\n<div>La Dra. Berta Polo se sinti\u00f3 muy honrada al recibir esta agradable distinci\u00f3n, la que le permitir\u00e1 motivar a los estudiantes sobre la importancia del arte y la cultura en nuestro pa\u00eds. Aprovechar\u00e9 para incentivarlos al decirles que todos tenemos una semilla de \u00e9xito por dentro, pero se obtiene con fe y perseverancia.<\/div>\n<p style=\"text-align: justify;\">[\/et_pb_text][\/et_pb_column][\/et_pb_row][\/et_pb_section]<\/p>\n","protected":false},"excerpt":{"rendered":"<p>Vida Art\u00edsticaLo m\u00e1s gratificante para Berta fue, que al recibir el Diploma de T\u00e9cnico en la Escuela de Artes Pl\u00e1sticas, el se\u00f1or Ministro de Educaci\u00f3n la felicita al entregarle el Certificado de Primer Puesto de Honor, la que le permiti\u00f3 obtener una Beca otorgada por el IFARHU para estudiar la Licenciatura en Pintura en la mundialmente conocida ACADEMIA DE SAN CARLOS DE LA UNIVERSIDAD NACIONAL AUT\u00d3NOMA DE MEXICO, donde obtuvo DOS MENCIONES HONOR\u00cdFICAS por ocupar el PRIMER PUESTO en los t\u00edtulos de: LICENCIATURA y el grado de MAESTR\u00cdA EN PINTURA. Posteriormente, no conforme con el grado de MAESTR\u00cdA EN PINTURA, se traslada a la ciudad de Par\u00eds-, Francia e ingresa a la Universidad LA SORBONNE, donde realiz\u00f3 sus estudios de DOCTORADO EN PINTURA. Con el deseo de ejercer como docente, ingresa a la UNIVERSIDAD DE PANAM\u00c1 y se inscribe para obtener el grado de PROFESORA CON ESPECIALIZACI\u00d3N EN DOCENCIA UNIVERSITARIA. Fue un gran honor, compromiso y satisfacci\u00f3n para la Dra. Berta Polo al recibir el nombramiento de CATEDR\u00c1TICA EN LA FACULTAD DE ARQUITECTURA Y DISE\u00d1O DE LA UNIVERSIDAD DE PANAM\u00c1. En el plano diplom\u00e1tico, Berta Polo expone sus obras en la UNESCO en PARIS- FRANCIA Invitaci\u00f3n que le permite ser [&hellip;]<\/p>\n","protected":false},"author":1,"featured_media":0,"parent":0,"menu_order":0,"comment_status":"closed","ping_status":"closed","template":"","meta":{"_et_pb_use_builder":"on","_et_pb_old_content":"","_et_gb_content_width":"","footnotes":""},"class_list":["post-256918","page","type-page","status-publish","hentry"],"aioseo_notices":[],"_links":{"self":[{"href":"https:\/\/bertapolo.com\/index.php?rest_route=\/wp\/v2\/pages\/256918","targetHints":{"allow":["GET"]}}],"collection":[{"href":"https:\/\/bertapolo.com\/index.php?rest_route=\/wp\/v2\/pages"}],"about":[{"href":"https:\/\/bertapolo.com\/index.php?rest_route=\/wp\/v2\/types\/page"}],"author":[{"embeddable":true,"href":"https:\/\/bertapolo.com\/index.php?rest_route=\/wp\/v2\/users\/1"}],"replies":[{"embeddable":true,"href":"https:\/\/bertapolo.com\/index.php?rest_route=%2Fwp%2Fv2%2Fcomments&post=256918"}],"version-history":[{"count":44,"href":"https:\/\/bertapolo.com\/index.php?rest_route=\/wp\/v2\/pages\/256918\/revisions"}],"predecessor-version":[{"id":257806,"href":"https:\/\/bertapolo.com\/index.php?rest_route=\/wp\/v2\/pages\/256918\/revisions\/257806"}],"wp:attachment":[{"href":"https:\/\/bertapolo.com\/index.php?rest_route=%2Fwp%2Fv2%2Fmedia&parent=256918"}],"curies":[{"name":"wp","href":"https:\/\/api.w.org\/{rel}","templated":true}]}}